s - 22. What are the prime factors of g(-7)?
97
Let b(l) = l**2 - l + 7. Let s be b(-3). Let f = -17 + s. What are the prime factors of f?
2
Let s = -12 + 15. Suppose 5*m = s*p + 2*p + 95, 4*m - 106 = -2*p. What are the prime factors of m?
2, 3
Let b(w) = -w**3 + 4*w**2 + w - 1. Let f be b(4). Let j(q) = -5 + 3*q**3 - q**3 + 7*q**2 - q**f + 6*q. What are the prime factors of j(-5)?
3, 5
Let z be 282*3/(3*-1). What are the prime factors of (-2)/(-11) + z/(-22)?
13
Let v(c) = c + 7. List the prime factors of v(0).
7
Let p be (106 - -1) + 1 - 0. Suppose -4*i + 0*i + p = 0. List the prime factors of i.
3
Let l(g) = -g**3 - 8*g**2 - g - 4. Let k be l(-8). Suppose -k*t + 8 = -12. Suppose d - t = -2*x, x + x - 3*d - 17 = 0. List the prime factors of x.
2
Suppose -10 = -7*m + 32. Suppose -57 = -9*z + m*z. What are the prime factors of z?
19
Let z(v) = 2*v + 74. What are the prime factors of z(0)?
2, 37
Let t(a) be the second derivative of a**4/6 + 6*a**2 + 2*a. List the prime factors of t(-4).
2, 11
Suppose 0 = -5*x - 156 - 4. List the prime factors of x/(1*(-2)/2).
2
Suppose -3*l = 0, 2*p - l = 6*p. Suppose -5*q = 5*c - p*q - 60, -4*c + 46 = 2*q. What are the prime factors of c?
11
Let c be (-4)/(-18) + (-70)/(-9). Suppose c = 2*f + 2*d, 2*f = f + 3*d. Let r(n) = n**3 - 2*n**2 + 1. List the prime factors of r(f).
2, 5
Let v(u) = 5*u**3 - 5*u**2 - 2*u - 3. List the prime factors of v(4).
229
Let w = 3 + 2. Suppose -2*g + 2*a - w*a + 29 = 0, -4*g = 4*a - 52. List the prime factors of g.
2, 5
Suppose -3 = 5*m - 3*z - 0*z, -5*m - 4*z = -4. Suppose m*q - 2*q + 40 = 0. What are the prime factors of q?
2, 5
Let x(r) = -r**3 - 2*r**2 - 6*r. What are the prime factors of x(-4)?
2, 7
Suppose 4*o = -4*c, -5*c - o = -3 - 17. Suppose c*f - f - 4 = 0. Let x(j) = 7*j**3 + 1. What are the prime factors of x(f)?
2
Let k be 124 - 3/((-9)/3). Suppose x - k = -4*x. What are the prime factors of x?
5
Let l(r) be the third derivative of r**5/15 + r**4/12 - r**3/2 - r**2. Let h be l(-3). What are the prime factors of 330/h - 4/18?
2, 3
Let r = 3 - -1. Let z(v) = -v**2 + 6*v - 3. Let d be z(r). Suppose -d*y = -7 - 8. List the prime factors of y.
3
Suppose 3*i = -1 + 46. List the prime factors of i.
3, 5
Let s = -32 + 38. What are the prime factors of s?
2, 3
Let n = -7 + 127. Suppose -5*y - 4*r = -n, 3*r = -3*y - r + 64. List the prime factors of y.
2, 7
Let w(x) = -2*x + 11. What are the prime factors of w(-7)?
5
Suppose -q - 2*q = -p + 138, -p + 140 = -q. What are the prime factors of p?
3, 47
Let m(i) = 3*i + 1. Let l be 2/(-5)*(7 + -2). Let w be m(l). Let z = -2 - w. List the prime factors of z.
3
Let v(o) = o - 1. Let b(j) = -9*j + 5. Let p(q) = -b(q) - 5*v(q). What are the prime factors of p(2)?
2
Let f be (-14)/(-35) - (-23)/5. Suppose -f*s = 2*g + 10, -5*g = -2*s - s - 37. What are the prime factors of g?
5
Suppose -2*y - v + 8 = 0, -2 - 6 = -2*y - 4*v. Suppose 2*s - y*s + 8 = 0. List the prime factors of s.
2
Suppose 2*p = -5*f + 420, -f - 4*p - 450 = -6*f. What are the prime factors of f?
2, 43
What are the prime factors of (-2)/4*(-1536)/12?
2
Suppose 29*j - 22*j = 1141. List the prime factors of j.
163
Let w = -2 + 2. Suppose 0 = -2*j - 0*v - v + 8, w = -5*j + v + 27. What are the prime factors of j?
5
Let a(z) = z**2 + z - 1. Let d be a(2). Suppose -m = 3*t - d*m - 78, 4*t = -3*m + 104. What are the prime factors of t?
2, 13
Suppose v + 0*v = 0. Let z be 7 + v + 6/(-3). Suppose 0*g = 4*g - h - 35, -40 = -z*g + 5*h. List the prime factors of g.
3
Let z = -6 - -1. Let y(u) = u**2 + 4*u + 3. List the prime factors of y(z).
2
Let w(p) be the second derivative of 0*p**3 + 4*p + 0*p**2 - 9/20*p**5 + 0*p**4 + 0. List the prime factors of w(-1).
3
Suppose -5*o + 2*c = 7*c - 860, -5*o - 4*c = -855. What are the prime factors of o?
167
Let m be (-2 - -54)*9/4. Suppose 0*f + 31 = f - 4*b, 5*f - b = m. List the prime factors of f.
23
Let t(x) = -x + 6. Let h be t(4). Suppose -22 = -h*u - 0*u. What are the prime factors of u?
11
Suppose 0*c - c - 7 = 0. Let v = 5 - c. List the prime factors of v.
2, 3
Let n(z) = -4*z - 4*z**2 + 4*z + 5*z**2 + 1. Let u be n(2). List the prime factors of (u + -6)*(-5 - -1).
2
Let d(g) = -g**3 - 5*g**2. Let t be d(-5). Suppose t = -2*f - 0*f + 14. Let o = 9 - f. What are the prime factors of o?
2
Suppose 0 = -3*u, -3*u - u + 25 = c. List the prime factors of c.
5
Suppose 37 = g - 0*g. Let d = -25 + g. List the prime factors of d.
2, 3
Suppose 0 = 2*j - 4*j + 2. List the prime factors of -2 + j + 13 + 1.
13
Suppose 6 + 162 = 5*f - 2*g, -2*g + 2 = 0. List the prime factors of f.
2, 17
Suppose 3*b + 4 = 5*c, 4*b = 4*c + b - 2. Suppose 0 = -c*s + 4*s - 44. List the prime factors of s.
2, 11
Suppose -3*q + 8 = -q. Let n(r) = r + 2*r + 1 - q*r. List the prime factors of n(-1).
2
Suppose -6 - 4 = -5*j. Suppose j*x = 9 + 13. List the prime factors of x.
11
Suppose 5*j + 10 = -0*t - 2*t, 0 = 5*t + 25. Suppose 4*y + 2*n = 4*n + 92, 2*n + 4 = j. List the prime factors of y.
2, 11
Let n(s) = -22*s - 8. What are the prime factors of n(-4)?
2, 5
Suppose 10*s + 1484 = 17*s. List the prime factors of s.
2, 53
Suppose 5*z = -2*g + 3, 7*g = 2*g + 5*z - 45. Let w be g/4*20/(-15). What are the prime factors of ((-2)/w)/((-1)/2)?
2
Let o be (21/6)/(1/(-2)). Let y(k) be the third derivative of k**5/60 + 7*k**4/24 + k**3/3 + 3*k**2. List the prime factors of y(o).
2
Suppose 8 = 3*x - 7. Suppose -x*n + 16 = -n. What are the prime factors of n?
2
Let w(o) = o + 12. Let m be w(-8). Suppose m*s - 3*n - 86 = 0, 2*s + 2*n = 11 + 25. List the prime factors of s.
2, 5
Let j = -43 + 72. List the prime factors of j.
29
Suppose 3*i = 3*v - 120, 5*i = -2*v + 6*v - 157. What are the prime factors of v?
43
Suppose 17 = 2*y - 3*k, y - 2*k - 2 = 8. List the prime factors of -3 + 4/(y/13).
2, 5
Let n(i) = -4*i + i**3 + 7*i - 2*i. What are the prime factors of n(2)?
2, 5
What are the prime factors of ((-17)/1)/((0 + -7)/119)?
17
Let r(x) = 11*x**3 - 8*x**2 + 12*x - 2. What are the prime factors of r(3)?
7, 37
Let x be (-57)/(-12)*2*2. Suppose 4*b = x + 9. What are the prime factors of b?
7
Suppose k - 34 + 6 = 0. What are the prime factors of k?
2, 7
Let f(y) = -3*y**3 + y**2 + y + 2. List the prime factors of f(-2).
2, 7
Let b(w) = -w**3 - 7*w**2 + 2. Let h be b(-7). Let n(p) = 3*p - h*p + p. List the prime factors of n(1).
2
Let s = 0 + 3. Let u = s + 1. Suppose -13 = -u*m + 7. What are the prime factors of m?
5
Let x(w) = w - 4. Let h be x(8). Suppose 5*j - h*j - 3 = 0. List the prime factors of j.
3
Let g(u) = u**2 - 11*u + 15. Let i be g(10). Suppose p + 0*p = i*z - 281, -2*z - p = -111. List the prime factors of z.
2, 7
Suppose -2 = 5*y + 8. Let v = y + 4. List the prime factors of v.
2
Suppose 6*q - q + 10 = 0. List the prime factors of q/9 + (-390)/(-54).
7
Let q be (1 + -3 + 3)*9. What are the prime factors of 78/q*3/2?
13
Let o be (6/8)/((-1)/(-4)). Suppose -x + o*a + 16 = -1, x - a = 7. Let y(f) = 2*f**2 + 3*f - 2. List the prime factors of y(x).
2, 3
Suppose d + 4 = 17. What are the prime factors of d?
13
Let k(z) = 2*z**2 - 2. What are the prime factors of k(-3)?
2
Let r(m) = -7*m + 2. Let k be r(-2). Let v = 27 - k. What are the prime factors of v?
11
Let y = -46 - -18. Let i = y - -52. List the prime factors of i.
2, 3
Suppose 2*a = -3*a - 5. Let n be 0*a*(-2)/(-6). Suppose 4*g - 40 = -n*g. What are the prime factors of g?
2, 5
Let y(t) = -t**3 + 7*t**2 - 4*t. What are the prime factors of y(3)?
2, 3
Let y(f) = f**2 + f. Let w(p) = -p**2 - 11*p + 8. Let z(t) = -w(t) - 2*y(t). Let i be z(6). Let m = i - -6. What are the prime factors of m?
2
Let m = 181 + -107. Let y(f) = -54*f**3 + 2*f**2 - 1. Let v be y(1). Let u = v + m. What are the prime factors of u?
3, 7
Suppose 4*b = 4*c + 44, -2*b = 2*c - 5*b + 23. Let w be (-4)/c*100/2. Suppose 0 = -5*p + 5*d + 40, 5*p - 4*d = -3*d + w. What are the prime factors of p?
3
Suppose 213 = -5*o - u, 5*o + 0*u + 207 = u. What are the prime factors of (o - -12)*2/(-6)?
2, 5
Let s be 22/(-6)*(-4 + 1). Suppose -2*k + s = -k. List the prime factors of k.
11
Let z = 118 - 34. Suppose 2*l + 2*l - z = 0. List the prime factors of l.
3, 7
Let a(m) = 5*m**2 + m + 3. Let x be a(3). Suppose 155 - x = 2*l. Suppose -4*z = 0, -3*z = -0*v - 4